{"id":9,"date":"2016-10-13T14:21:38","date_gmt":"2016-10-13T12:21:38","guid":{"rendered":"http:\/\/chambres-cheznico.com\/?page_id=9"},"modified":"2021-10-12T20:28:56","modified_gmt":"2021-10-12T18:28:56","slug":"accueil","status":"publish","type":"page","link":"https:\/\/chambres-cheznico.com\/","title":{"rendered":"accueil"},"content":{"rendered":"<h3><strong><span style=\"color: #339966;\"><em>Claudine et Jo\u00ebl seront heureux de vous accueillir dans leur ancienne ferme vosgienne situ\u00e9e au c\u0153ur des Hautes Vosges dans un \u00e9crin de verdure, b\u00e9n\u00e9ficiant d&rsquo;une vue imprenable sur le village et les montagnes, \u00e0 proximit\u00e9 de la route des vins d&rsquo;Alsace.<\/em><\/span><\/strong><\/h3>\n<p>Le Hohneck, le Ballon d&rsquo;Alsace, le Grand Ballon nous offrent des points de vue exceptionnels sur les d\u00e9partements limitrophes d&rsquo;Alsace, de Haute Sa\u00f4ne, sur le territoire de Belfort et par beau temps nous pouvons apercevoir les Alpes.<\/p>\n<p>Vous serez au d\u00e9part de chemins de randonn\u00e9es, de VTT ou pour pratiquer la balade en famille.<\/p>\n<p>La proximit\u00e9 des stations vous permettra de pratiquer le ski alpin, le ski nordique, la raquette et de nombreuses activit\u00e9s.<\/p>\n<p><span style=\"color: #ff0000;\"><strong>Nous voulons vous faire partager notre bonheur de vivre dans ce cadre merveilleux. <img decoding=\"async\" loading=\"lazy\" class=\"alignright wp-image-446 size-medium\" src=\"http:\/\/chambres-cheznico.com\/wp-content\/uploads\/2016\/10\/IMG_1011-e1634063222400-300x182.jpg\" alt=\"\" width=\"300\" height=\"182\" srcset=\"https:\/\/chambres-cheznico.com\/wp-content\/uploads\/2016\/10\/IMG_1011-e1634063222400-300x182.jpg 300w, https:\/\/chambres-cheznico.com\/wp-content\/uploads\/2016\/10\/IMG_1011-e1634063222400-768x466.jpg 768w, https:\/\/chambres-cheznico.com\/wp-content\/uploads\/2016\/10\/IMG_1011-e1634063222400-1024x622.jpg 1024w, https:\/\/chambres-cheznico.com\/wp-content\/uploads\/2016\/10\/IMG_1011-e1634063222400-1536x933.jpg 1536w, https:\/\/chambres-cheznico.com\/wp-content\/uploads\/2016\/10\/IMG_1011-e1634063222400-2048x1244.jpg 2048w\" sizes=\"(max-width: 300px) 100vw, 300px\" \/> <img decoding=\"async\" loading=\"lazy\" class=\"size-medium wp-image-412 alignright\" src=\"http:\/\/chambres-cheznico.com\/wp-content\/uploads\/2016\/10\/016-300x180.jpg\" alt=\"\" width=\"300\" height=\"180\" srcset=\"https:\/\/chambres-cheznico.com\/wp-content\/uploads\/2016\/10\/016-300x180.jpg 300w, https:\/\/chambres-cheznico.com\/wp-content\/uploads\/2016\/10\/016-768x461.jpg 768w, https:\/\/chambres-cheznico.com\/wp-content\/uploads\/2016\/10\/016-1024x614.jpg 1024w, https:\/\/chambres-cheznico.com\/wp-content\/uploads\/2016\/10\/016-450x270.jpg 450w\" sizes=\"(max-width: 300px) 100vw, 300px\" \/> <img decoding=\"async\" loading=\"lazy\" class=\"size-medium wp-image-478 alignright\" src=\"http:\/\/chambres-cheznico.com\/wp-content\/uploads\/2016\/10\/DSCF2079-300x225.jpg\" alt=\"\" width=\"300\" height=\"225\" srcset=\"https:\/\/chambres-cheznico.com\/wp-content\/uploads\/2016\/10\/DSCF2079-300x225.jpg 300w, https:\/\/chambres-cheznico.com\/wp-content\/uploads\/2016\/10\/DSCF2079-768x576.jpg 768w, https:\/\/chambres-cheznico.com\/wp-content\/uploads\/2016\/10\/DSCF2079-1024x768.jpg 1024w, https:\/\/chambres-cheznico.com\/wp-content\/uploads\/2016\/10\/DSCF2079-360x270.jpg 360w\" sizes=\"(max-width: 300px) 100vw, 300px\" \/> <img decoding=\"async\" loading=\"lazy\" class=\"size-medium wp-image-369 alignright\" src=\"http:\/\/chambres-cheznico.com\/wp-content\/uploads\/2016\/10\/IMG_0090-300x225.jpg\" alt=\"\" width=\"300\" height=\"225\" srcset=\"https:\/\/chambres-cheznico.com\/wp-content\/uploads\/2016\/10\/IMG_0090-300x225.jpg 300w, https:\/\/chambres-cheznico.com\/wp-content\/uploads\/2016\/10\/IMG_0090-768x576.jpg 768w, https:\/\/chambres-cheznico.com\/wp-content\/uploads\/2016\/10\/IMG_0090-360x270.jpg 360w, https:\/\/chambres-cheznico.com\/wp-content\/uploads\/2016\/10\/IMG_0090.jpg 800w\" sizes=\"(max-width: 300px) 100vw, 300px\" \/> <img decoding=\"async\" loading=\"lazy\" class=\"size-medium wp-image-288 alignright\" src=\"http:\/\/chambres-cheznico.com\/wp-content\/uploads\/2016\/10\/20161018_155203-300x169.jpg\" alt=\"\" width=\"300\" height=\"169\" srcset=\"https:\/\/chambres-cheznico.com\/wp-content\/uploads\/2016\/10\/20161018_155203-300x169.jpg 300w, https:\/\/chambres-cheznico.com\/wp-content\/uploads\/2016\/10\/20161018_155203-768x432.jpg 768w, https:\/\/chambres-cheznico.com\/wp-content\/uploads\/2016\/10\/20161018_155203-1024x576.jpg 1024w, https:\/\/chambres-cheznico.com\/wp-content\/uploads\/2016\/10\/20161018_155203-480x270.jpg 480w\" sizes=\"(max-width: 300px) 100vw, 300px\" \/> <img decoding=\"async\" loading=\"lazy\" class=\"size-medium wp-image-95 alignright\" src=\"http:\/\/chambres-cheznico.com\/wp-content\/uploads\/2016\/10\/7-1-300x204.jpg\" alt=\"\" width=\"300\" height=\"204\" srcset=\"https:\/\/chambres-cheznico.com\/wp-content\/uploads\/2016\/10\/7-1-300x204.jpg 300w, https:\/\/chambres-cheznico.com\/wp-content\/uploads\/2016\/10\/7-1-768x522.jpg 768w, https:\/\/chambres-cheznico.com\/wp-content\/uploads\/2016\/10\/7-1-1024x696.jpg 1024w, https:\/\/chambres-cheznico.com\/wp-content\/uploads\/2016\/10\/7-1-397x270.jpg 397w, https:\/\/chambres-cheznico.com\/wp-content\/uploads\/2016\/10\/7-1.jpg 1092w\" sizes=\"(max-width: 300px) 100vw, 300px\" \/> <img decoding=\"async\" loading=\"lazy\" class=\"size-medium wp-image-575 alignright\" src=\"http:\/\/chambres-cheznico.com\/wp-content\/uploads\/2016\/10\/20160823_124716-300x202.jpg\" alt=\"\" width=\"300\" height=\"202\" srcset=\"https:\/\/chambres-cheznico.com\/wp-content\/uploads\/2016\/10\/20160823_124716-300x202.jpg 300w, https:\/\/chambres-cheznico.com\/wp-content\/uploads\/2016\/10\/20160823_124716-768x517.jpg 768w, https:\/\/chambres-cheznico.com\/wp-content\/uploads\/2016\/10\/20160823_124716-1024x690.jpg 1024w, https:\/\/chambres-cheznico.com\/wp-content\/uploads\/2016\/10\/20160823_124716-401x270.jpg 401w\" sizes=\"(max-width: 300px) 100vw, 300px\" \/><img decoding=\"async\" loading=\"lazy\" class=\"wp-image-53 size-medium alignright\" src=\"http:\/\/chambres-cheznico.com\/wp-content\/uploads\/2016\/10\/20161014_155013-300x169.jpg\" alt=\"\" width=\"300\" height=\"169\" srcset=\"https:\/\/chambres-cheznico.com\/wp-content\/uploads\/2016\/10\/20161014_155013-300x169.jpg 300w, https:\/\/chambres-cheznico.com\/wp-content\/uploads\/2016\/10\/20161014_155013-768x432.jpg 768w, https:\/\/chambres-cheznico.com\/wp-content\/uploads\/2016\/10\/20161014_155013-1024x576.jpg 1024w, https:\/\/chambres-cheznico.com\/wp-content\/uploads\/2016\/10\/20161014_155013-480x270.jpg 480w\" sizes=\"(max-width: 300px) 100vw, 300px\" \/> <\/strong><\/span><\/p>\n<h6><span style=\"color: #ff0000;\">Les\u00a0 chambres sont non fumeurs<\/span><\/h6>\n","protected":false},"excerpt":{"rendered":"<p>Claudine et Jo\u00ebl seront heureux de vous accueillir dans leur ancienne ferme vosgienne situ\u00e9e au c\u0153ur des Hautes Vosges dans un \u00e9crin de verdure, b\u00e9n\u00e9ficiant d&rsquo;une vue imprenable sur le village et les montagnes, \u00e0 proximit\u00e9 de la route des vins d&rsquo;Alsace. Le Hohneck, le Ballon d&rsquo;Alsace, le Grand Ballon nous offrent des points de [&hellip;]<\/p>\n","protected":false},"author":1,"featured_media":0,"parent":0,"menu_order":0,"comment_status":"closed","ping_status":"closed","template":"","meta":[],"_links":{"self":[{"href":"https:\/\/chambres-cheznico.com\/index.php\/wp-json\/wp\/v2\/pages\/9"}],"collection":[{"href":"https:\/\/chambres-cheznico.com\/index.php\/wp-json\/wp\/v2\/pages"}],"about":[{"href":"https:\/\/chambres-cheznico.com\/index.php\/wp-json\/wp\/v2\/types\/page"}],"author":[{"embeddable":true,"href":"https:\/\/chambres-cheznico.com\/index.php\/wp-json\/wp\/v2\/users\/1"}],"replies":[{"embeddable":true,"href":"https:\/\/chambres-cheznico.com\/index.php\/wp-json\/wp\/v2\/comments?post=9"}],"version-history":[{"count":43,"href":"https:\/\/chambres-cheznico.com\/index.php\/wp-json\/wp\/v2\/pages\/9\/revisions"}],"predecessor-version":[{"id":639,"href":"https:\/\/chambres-cheznico.com\/index.php\/wp-json\/wp\/v2\/pages\/9\/revisions\/639"}],"wp:attachment":[{"href":"https:\/\/chambres-cheznico.com\/index.php\/wp-json\/wp\/v2\/media?parent=9"}],"curies":[{"name":"wp","href":"https:\/\/api.w.org\/{rel}","templated":true}]}}