{"id":63,"date":"2016-10-15T16:15:29","date_gmt":"2016-10-15T14:15:29","guid":{"rendered":"http:\/\/chambres-cheznico.com\/?page_id=63"},"modified":"2016-11-05T19:51:00","modified_gmt":"2016-11-05T18:51:00","slug":"hivers","status":"publish","type":"page","link":"https:\/\/chambres-cheznico.com\/index.php\/hivers\/","title":{"rendered":"Printemps, \u00c9t\u00e9, Automne"},"content":{"rendered":"<p>Nombreux chemins forestiers sont balis\u00e9s par le Club Vosgien. Vous pourrez partir en randonn\u00e9e p\u00e9destre ou en VTT ou simplement faire une balade en famille. Un parcours de sant\u00e9 se trouve \u00e0 proximit\u00e9.<\/p>\n<p>Si vous ne faites pas trop de bruit,\u00a0 vous apercevrez peut \u00eatre, au d\u00e9tour d&rsquo;un chemin, un cerf, une biche avec son faon.<\/p>\n<p>Nombreux chamois sont visibles sur les hauteurs de la Bresse.<img decoding=\"async\" loading=\"lazy\" class=\"wp-image-397 alignright\" src=\"http:\/\/chambres-cheznico.com\/wp-content\/uploads\/2016\/10\/1423583172_chamois-2-300x265.jpg\" alt=\"1423583172_chamois-2\" width=\"72\" height=\"63\" srcset=\"https:\/\/chambres-cheznico.com\/wp-content\/uploads\/2016\/10\/1423583172_chamois-2-300x265.jpg 300w, https:\/\/chambres-cheznico.com\/wp-content\/uploads\/2016\/10\/1423583172_chamois-2-306x270.jpg 306w, https:\/\/chambres-cheznico.com\/wp-content\/uploads\/2016\/10\/1423583172_chamois-2.jpg 424w\" sizes=\"(max-width: 72px) 100vw, 72px\" \/><\/p>\n<p>Des guides sont \u00e0 votre disposition pour vous faire d\u00e9couvrir la faune et la flore.<\/p>\n<p>Pour les amoureux du v\u00e9lo de route, les cols vosgiens (Ballon d&rsquo;Alsace) vous attendent.<\/p>\n<h4>Une visite des jardins de Berchigranges ou de Wesserling vous enchanteront.<img decoding=\"async\" loading=\"lazy\" class=\"wp-image-314 alignright\" src=\"http:\/\/chambres-cheznico.com\/wp-content\/uploads\/2016\/10\/IMG_0249-300x200.jpg\" alt=\"img_0249\" width=\"90\" height=\"60\" srcset=\"https:\/\/chambres-cheznico.com\/wp-content\/uploads\/2016\/10\/IMG_0249-300x200.jpg 300w, https:\/\/chambres-cheznico.com\/wp-content\/uploads\/2016\/10\/IMG_0249-768x512.jpg 768w, https:\/\/chambres-cheznico.com\/wp-content\/uploads\/2016\/10\/IMG_0249-1024x683.jpg 1024w, https:\/\/chambres-cheznico.com\/wp-content\/uploads\/2016\/10\/IMG_0249-405x270.jpg 405w\" sizes=\"(max-width: 90px) 100vw, 90px\" \/><\/h4>\n<h4>Les jeux aquatiques de proximit\u00e9 :<\/h4>\n<ul>\n<li>Piscine de Le Thillot<\/li>\n<li>Complexe sportif de La Bresse<\/li>\n<li>Base de loisirs de Saulxures sur Moselotte<\/li>\n<\/ul>\n<h5 style=\"text-align: justify;\">Les lacs<img decoding=\"async\" loading=\"lazy\" class=\"wp-image-289 alignright\" src=\"http:\/\/chambres-cheznico.com\/wp-content\/uploads\/2016\/10\/37156121-300x199.jpg\" alt=\"37156121\" width=\"96\" height=\"64\" srcset=\"https:\/\/chambres-cheznico.com\/wp-content\/uploads\/2016\/10\/37156121-300x199.jpg 300w, https:\/\/chambres-cheznico.com\/wp-content\/uploads\/2016\/10\/37156121-407x270.jpg 407w, https:\/\/chambres-cheznico.com\/wp-content\/uploads\/2016\/10\/37156121.jpg 500w\" sizes=\"(max-width: 96px) 100vw, 96px\" \/><\/h5>\n<ul>\n<li>G\u00e9rardmer<\/li>\n<li>La Bresse (lac des corbeaux)<\/li>\n<\/ul>\n<h5>Autre loisirs<\/h5>\n<ul>\n<li>Tennis<\/li>\n<li>Karting<\/li>\n<li>Balade \u00e0 pieds ou \u00e0 bicyclette sur la voie verte<\/li>\n<\/ul>\n","protected":false},"excerpt":{"rendered":"<p>Nombreux chemins forestiers sont balis\u00e9s par le Club Vosgien. Vous pourrez partir en randonn\u00e9e p\u00e9destre ou en VTT ou simplement faire une balade en famille. Un parcours de sant\u00e9 se trouve \u00e0 proximit\u00e9. Si vous ne faites pas trop de bruit,\u00a0 vous apercevrez peut \u00eatre, au d\u00e9tour d&rsquo;un chemin, un cerf, une biche avec son [&hellip;]<\/p>\n","protected":false},"author":1,"featured_media":0,"parent":0,"menu_order":0,"comment_status":"closed","ping_status":"closed","template":"","meta":[],"_links":{"self":[{"href":"https:\/\/chambres-cheznico.com\/index.php\/wp-json\/wp\/v2\/pages\/63"}],"collection":[{"href":"https:\/\/chambres-cheznico.com\/index.php\/wp-json\/wp\/v2\/pages"}],"about":[{"href":"https:\/\/chambres-cheznico.com\/index.php\/wp-json\/wp\/v2\/types\/page"}],"author":[{"embeddable":true,"href":"https:\/\/chambres-cheznico.com\/index.php\/wp-json\/wp\/v2\/users\/1"}],"replies":[{"embeddable":true,"href":"https:\/\/chambres-cheznico.com\/index.php\/wp-json\/wp\/v2\/comments?post=63"}],"version-history":[{"count":22,"href":"https:\/\/chambres-cheznico.com\/index.php\/wp-json\/wp\/v2\/pages\/63\/revisions"}],"predecessor-version":[{"id":522,"href":"https:\/\/chambres-cheznico.com\/index.php\/wp-json\/wp\/v2\/pages\/63\/revisions\/522"}],"wp:attachment":[{"href":"https:\/\/chambres-cheznico.com\/index.php\/wp-json\/wp\/v2\/media?parent=63"}],"curies":[{"name":"wp","href":"https:\/\/api.w.org\/{rel}","templated":true}]}}